 be 0 + (4 - 3) - x. Suppose a*o = o + 32. What are the prime factors of o?
2
What are the prime factors of 3 + -4 + 3 + 16?
2, 3
Suppose 2*m = 4*m - 32. Suppose -2 = 2*y + 8, -5*v = -y - 205. Suppose 5*x + k = 4*k + v, 3*k - m = -2*x. List the prime factors of x.
2
Suppose 4*c - 2*z = 1098, -z + 3 = -2*z. List the prime factors of c.
3, 7, 13
What are the prime factors of ((-243)/(-36))/((-6)/(-16))?
2, 3
Let p(g) = g**2 + g + 1. Let q(v) = -2*v**2 - 13*v + 2. Let r(h) = -3*p(h) - q(h). List the prime factors of r(4).
19
Let a(m) = 6*m - 5. What are the prime factors of a(2)?
7
Suppose 10*a - 1250 = -0*a. List the prime factors of a.
5
Let n be (-6)/45 + 186/45. Suppose -3*r + 99 = 5*a - n*r, -r = 4*a - 81. List the prime factors of a.
2, 5
Let m(c) = 5*c**3 - c**2 - 2*c - 2. What are the prime factors of m(3)?
2, 59
Let v(p) = -p**3 + 14*p**2 - 7*p - 8. Let u(d) = d**2 + d - 1. Let k(c) = 4*u(c) - v(c). List the prime factors of k(9).
2, 11
Let y(h) = -6*h**3 - 2*h**2 + 1. Let f be y(-1). Suppose f*m + 7 = 142. List the prime factors of m.
3
List the prime factors of 0 - 49*-2 - (7 + -4).
5, 19
Let x(q) = -q**3 - 6*q**2 - 4*q + 2. Let s be x(-6). Suppose -4*k = s - 70. List the prime factors of k.
11
Suppose 5*y - 2*h - 669 = 0, y - 66 = 4*h + 57. List the prime factors of y.
3, 5
Let k(a) = 31*a - 64. List the prime factors of k(6).
2, 61
Suppose 4*g + 1440 = 10*g. What are the prime factors of g?
2, 3, 5
Suppose 3 + 0 = 3*f. List the prime factors of f/4 + (-21)/(-12).
2
Let l = 200 + -94. Suppose 3*a + 94 = 4*t, 0*a - 2*a = 5*t - l. List the prime factors of t.
2, 11
Let q(t) = -t**2 - 3*t - 2. Let r be q(-2). Suppose 2*o + 39 = 6*o + 3*c, r = 4*o + 5*c - 41. What are the prime factors of o?
3
Let m(n) = -n**3 - 5*n**2 + 2. Let k be m(-5). Suppose -k*s - s - 27 = 0. What are the prime factors of (-87)/s - (-2)/6?
2, 5
Suppose 6*n - 347 - 97 = 0. Suppose -3*k + k = -n. List the prime factors of k.
37
Let p(x) = -x + 5. Let q be p(0). Suppose -3*k + 0*k + 59 = 4*l, -q*k + 104 = l. What are the prime factors of k?
3, 7
Let w = 10 + 3. Let h = w + -11. Suppose -g + 8 + h = 0. List the prime factors of g.
2, 5
Let d be (-28)/(-20) + (-4)/10. Let v be 5 - (2 + d/1). Suppose -3*l - 8 = -v*i, 5*i + 5*l - 12 = 8. List the prime factors of i.
2
Suppose -2*z - 9 = z - 3*q, 2*z + 6 = -3*q. Let v be ((-2)/z)/((-1)/12). Let b(t) = -2*t - 11. What are the prime factors of b(v)?
5
Let w(h) = 19*h - 5. Let l be 6/2 + 3/(-3). What are the prime factors of w(l)?
3, 11
Let q be ((-5)/2)/((-11)/22). Suppose 1 = -q*t + 161. List the prime factors of t.
2
List the prime factors of (92/(-5))/(14/(-35)).
2, 23
Let y = -17 + 29. Let v = -4 + y. List the prime factors of v.
2
Let q = -159 - -360. List the prime factors of q.
3, 67
Let c(o) = 2*o - 4*o**3 + 2 + 4*o**3 - o**3 - 3*o**2. Let z be c(-4). Suppose -14 = -4*q + 3*t + 1, z = 3*q - t. List the prime factors of q.
3
Let p = -7 - -12. Suppose -p = -2*v - 3*l + 9, -v = -2*l. Suppose -4*k = z + 9, -3*k + 2 = 6*z - v*z. What are the prime factors of z?
7
Let g(x) = 2*x**3 - 5*x**2 + 2*x + 4. Let t be g(3). Let r = 12 - t. List the prime factors of (0 - -12) + 0/r.
2, 3
Let y = 24 - -172. What are the prime factors of y?
2, 7
Let p(j) = -j**2 - 10*j + 14. Let c be p(-11). List the prime factors of 6/c - -6 - 1.
7
Let m(r) = -2*r - 2*r + 4*r**2 + r + 4*r. Let v be m(-1). Suppose -11 = -v*o + 2*s + 7, o + 5 = -3*s. List the prime factors of o.
2
Let u(p) be the first derivative of -p**4/4 + 7*p**3/3 + 3*p**2/2 - 6*p + 3. List the prime factors of u(7).
3, 5
List the prime factors of (28 + -1)*(-7)/(-3).
3, 7
Let f be (-4)/5*35/14. List the prime factors of (1 - 13)/(1/f).
2, 3
Suppose 6 = 6*g - 4*g. What are the prime factors of g?
3
Let v = -6 + 6. Let u(c) = 2*c**2 + v*c**2 - c**3 - 3 + 0*c**2 + 2*c**2 + c. What are the prime factors of u(3)?
3
Let c(a) = -7*a + 1. Let n(r) = r**2 + 22*r - 2. Suppose -2*b = -3*b - 1, 22 = 3*w - b. Let t(l) = w*c(l) + 2*n(l). List the prime factors of t(3).
2, 3
Let u be 9 + 2 + 0/(-2). Suppose -2*a - v = 3*a - 28, -u = -a - 2*v. What are the prime factors of -2*a/(15/(-18))?
2, 3
Suppose 8 = -5*k - 7, -3*c = 4*k + 462. List the prime factors of c/3*5/(-10).
5
Let g(p) = -p**2 - 2*p - 1. Let r be g(-1). Let h(u) = 4*u + 50. Let i be h(-12). Suppose r = i*c - 30 + 12. What are the prime factors of c?
3
Suppose -10 = -3*h + 2*c, 4*h = -0*h + c + 5. Suppose h = -g - 0*s + 4*s + 29, 0 = -3*g - s + 22. List the prime factors of g.
3
Let v(s) = s**3 - 4*s**2 + 4*s - 4. Suppose -2*m + 40 + 2 = 0. Let i be (-2)/10 - m/(-5). List the prime factors of v(i).
2, 3
Suppose 0*h + 28 = 7*h. What are the prime factors of h?
2
Let d(t) = t**3 - 3*t**2 - 2*t - 4. List the prime factors of d(4).
2
Let h(z) = -2*z + 11. List the prime factors of h(-6).
23
Let d = 2 - 0. Suppose 3 + d = g. List the prime factors of g.
5
Let a be 690/9 - 4/6. Suppose -4*m = -2*m - a. Let y = m - 25. What are the prime factors of y?
13
Suppose -3*v = -4*v - i + 3, -v + 3*i = -11. Suppose -3*q + v*y = 7 + 3, q - 20 = -3*y. List the prime factors of q.
5
Suppose 21 = 3*a - 0*a. Suppose 0 = a*t - 6*t - 9. List the prime factors of (-10*1)/((-6)/t).
3, 5
Let l = -14 + 24. What are the prime factors of l?
2, 5
Suppose -4*j + 310 + 86 = 0. Suppose 3*v + n = 4*v - 23, 4*v + 3*n = j. List the prime factors of v.
2, 3
Let o(y) = 7*y + 2. List the prime factors of o(2).
2
Suppose 4*k - 916 = r + 3*r, -2*k - r = -446. List the prime factors of k.
3, 5
Let s be 2*1 - (-9 + 6). List the prime factors of 3*s*16/20.
2, 3
Let n = -5 - -7. Suppose -n*g + 0 = 2. What are the prime factors of (13 + -5)*(g + 2)?
2
Let d = -6 - -10. Suppose 8*q = d*q - 72. What are the prime factors of (-28)/(-6) + 12/q?
2
Let s = -3 + 8. Suppose -a = -s*l + 5, 4*l = 3*l - 3*a + 17. Suppose -3*w + 17 = -p, -l*w = -7*w - 3*p + 19. What are the prime factors of w?
5
Let q(d) = -d**3 + 3*d**2 - 2*d + 3. Let m be q(2). Suppose 5*t + 0*c - 170 = -2*c, -170 = -5*t - m*c. List the prime factors of t.
2, 17
Let q be 2 + 3 + 3/(-1). Suppose -5*y = 2*p - 127, -4*p = -q*y + 49 - 3. What are the prime factors of y?
5
List the prime factors of (1 - -1)*(4 + 144 + -2).
2, 73
Let y = -11 - -14. List the prime factors of y.
3
Let b = -360 - -526. List the prime factors of b.
2, 83
Suppose -16*x + 26*x - 1890 = 0. List the prime factors of x.
3, 7
Let s(o) = -12*o**3 + o**2. Suppose -3*q - 4 = q. What are the prime factors of s(q)?
13
Let l = 6 + -1. Suppose 0 = l*v - 233 - 32. Let a = v - 36. List the prime factors of a.
17
Let x(w) = 6*w**2 - 1. Let k be x(1). Suppose -4*y + 0*y + 60 = k*s, -1 = -s - 3*y. What are the prime factors of s?
2
Suppose -2*c - i - 3*i = -22, 20 = 4*i. Suppose -5*w + 14 = -c. What are the prime factors of w - (-2 - -1)*2?
5
Let v(z) = -z**3 + 3*z**2 + 2*z - 4. Let h be v(3). Let m(y) = 9*y - 7 + 6*y**h + 0 - 3 - y**3. List the prime factors of m(7).
2
Suppose -36 - 18 = -9*v. List the prime factors of v.
2, 3
Let a = -176 - -278. List the prime factors of a.
2, 3, 17
Suppose -4*k = -3*i - 52, 3*k + 0*i = -2*i + 22. Suppose l + 8 = x, -x + 28 = -5*l - 0. List the prime factors of -3*(0 - k/x).
2, 5
Let a(i) = i**2 - 3*i - 1. Let k be a(3). Let s(f) = -18*f**2 + f + 1. Let p be s(k). What are the prime factors of ((-6)/9)/(1/p)?
2, 3
Let m = 291 - 190. What are the prime factors of m?
101
Let i(q) = -5*q. Let u be i(1). Suppose 0 = -4*k + 32 + 4. Let p = k + u. List the prime factors of p.
2
Let g be (-7)/(-49) - (-20)/7. Suppose 0 = -5*n - g*c + 122 - 25, 0 = -3*c + 12. List the prime factors of n.
17
Suppose 124 - 28 = 2*k. Let a = k - 25. List the prime factors of a.
23
Let y(t) = t**2 + 6*t - 15. Let k be y(6). Suppose 2*p = -f + k, -5*f - 23 = -2*p + 64. List the prime factors of p.
31
Suppose 0 = 4*k - 2*k - 150. List the prime factors of k.
3, 5
Suppose -9 = -3*v + 3. Let h = v - -1. Suppose h*y = 10, -u - 2*y + 11 = -0*y. What are the prime factors of u?
7
Let v = -128 + 147. What are the prime factors of v?
19
Let j(p) = 10*p**2 - 2*p. Let d be j(4). Let b be d/20 - (-6)/15. Let c = 11 + b. List the prime factors of c.
19
Suppose 3*p + w - 417 = 2*w, 3*w = 2*p - 285. What are the prime factors of p?
2, 3, 23
What are the prime factors